ed by k(-3).
6
Let b = -54 + 28. Let v(y) = -4*y + 11. Let n be v(5). Let x = n - b. Calculate the remainder when 49 is divided by x.
15
Let s(y) = -y**2 - 5*y + 4. What is the remainder when (-1)/(0 + 1) - (2 + -13) is divided by s(-5)?
2
Suppose m - 91 = -4*k + 3, -3*k = 5*m - 453. What is the remainder when m is divided by 31?
28
Suppose -42 = 4*m - 6*m. What is the remainder when 82 is divided by m?
19
Suppose -3*m + 8*m - 100 = 0. Let w = 1 + -1. Suppose w = 3*q + c + 2*c - 177, 2*q - 2*c = 118. What is the remainder when q is divided by m?
19
Calculate the remainder when 2 + 16/(-9) + 1662/54 is divided by 4.
3
Let t = 98 - 51. Let k be (-9)/27*(-12)/2. Suppose -2*u + 63 = k*u + h, 2*u - 3*h = 35. Calculate the remainder when t is divided by u.
15
Suppose 5*s + 47 = 217. What is the remainder when 67 is divided by s?
33
Let a = -10 - -15. Suppose 3*m - 4*m + 95 = 5*u, u + a*m - 43 = 0. What is the remainder when u is divided by 10?
8
Suppose -5*x + 55 = -0*x. What is the remainder when (-2)/((1 - (-27)/(-30))*-1) is divided by x?
9
Suppose 4*t - 3*l - 40 = -4*l, 4*t = 3*l + 56. What is the remainder when 42 is divided by t?
9
Suppose 3*v - 53 = -n, 3*n = v + n - 13. Suppose -146 + 422 = -3*s. Let u = -42 - s. Calculate the remainder when u is divided by v.
16
Let t = 86 - 128. Let z = -4 - t. Calculate the remainder when z is divided by 10.
8
Let t(u) = -9*u - 2. Suppose -18 - 64 = 3*d + 5*q, -4*q + 56 = -4*d. Let o = -10 - d. Calculate the remainder when t(-3) is divided by o.
7
Let d(i) = 2*i + 19. Let l be d(-13). Let w = l + 14. Calculate the remainder when 20 is divided by w.
6
Suppose 68 = 5*i + 13. Calculate the remainder when 57 is divided by i.
2
Let z(k) = 4*k**2 - 3*k - 2. Suppose 5*q - 296 = 5*v + 64, 221 = 3*q + 2*v. What is the remainder when q is divided by z(3)?
23
Suppose -2*w + 195 = 3*w. What is the remainder when w is divided by 14?
11
Let c(t) = -2*t**2 + 7*t - 5. Let l be c(4). Let n = 24 + l. Calculate the remainder when 28 is divided by n.
13
Let r = 6 + 25. Calculate the remainder when r is divided by 16.
15
Let y(b) = 8 - 3 - 4*b - 1 + 3*b**2 + 3. Suppose -3*s + 2*l = -0*l - 120, -5*s = -2*l - 204. What is the remainder when s is divided by y(3)?
20
Suppose 0 = 5*a - 2*d - 10, -7*a - 5*d + 37 = -4*a. Suppose 1 = a*h - 15. Calculate the remainder when 14 is divided by h.
2
Let f = 2 - -1. Suppose -p + 2 = -2*v - 21, -18 = -p + f*v. Calculate the remainder when p is divided by 9.
6
Let c be (0/(-1))/3 + 18. Let o = c - 11. Calculate the remainder when o is divided by 3.
1
Let h = -7 - -10. Suppose h = 5*g + 2*r - 3, 3*r + 16 = 5*g. Calculate the remainder when g is divided by (-1)/(-2) - 6/(-4).
0
Let d(f) = f**2 - 5*f. Let w be d(8). Let t = w + -14. Calculate the remainder when (19/4)/(2/16) is divided by t.
8
Let w(s) = s - 3. What is the remainder when 11 is divided by w(9)?
5
Suppose 3*o + 4*v = -1, -o = -4*o + v + 19. What is the remainder when o is divided by (-18)/(-4)*(-4)/(-6)?
2
Let g be 4/(-6) + (-50)/15. Let a(t) = t - 1. Let b(v) = v**3 + 4*v**2 + 5*v. Let i(m) = 3*a(m) - b(m). What is the remainder when i(g) is divided by 2?
1
Suppose -y - 105 = -2*c, -c = 3*c + 2*y - 222. Calculate the remainder when c is divided by 14.
12
Suppose -5*t = m - 48, -3*m - t = 3*t - 122. Calculate the remainder when 265 is divided by m.
37
Let y(g) = -g + 2 - 2. Let o(w) = w + 1. Let r(v) = 5*o(v) + 4*y(v). What is the remainder when 13 is divided by r(0)?
3
Suppose 4*o - 87 = -3*g, -3 = g - 4. Let z(f) = -f**2 - 14*f - 7. What is the remainder when o is divided by z(-13)?
3
Suppose -3*n + 5 = -2*n. Calculate the remainder when -1 - (-3 + -15 + -2) is divided by n.
4
Suppose -a = 4*g - 15, 4*g = 2*a + 8 + 10. Let d = 10 - 7. Suppose 5*w - 23 - 39 = g*v, w = d*v + 8. Calculate the remainder when w is divided by 5.
4
Let p = -81 - -182. What is the remainder when p is divided by 18?
11
Let o(s) = 4*s**2 - 9*s - 10. What is the remainder when o(7) is divided by 31?
30
Let a(q) = q**2 - 4*q - 2. Let p be a(5). Let f = 3 + p. Suppose f*n - 2*n = 28. What is the remainder when 12 is divided by n?
5
Suppose 2*u - 17 = 5. Calculate the remainder when 30 is divided by u.
8
Let i = -110 + 167. Calculate the remainder when i is divided by 15.
12
Let l be (-16)/12*(-3)/2. Suppose -3*g + 20 = z - 5*z, -2*g + l*z = -14. Calculate the remainder when 22 is divided by g.
6
Let s(v) = -v**3 + 5*v**2 + 5*v + 7. Let l = 4 - -2. Let o be s(l). Calculate the remainder when 17 + 1 - (-3 + o) is divided by 7.
6
Suppose 0 = 2*l + l - 24. Suppose -l = o - 3*o. Let a = -3 + 5. Calculate the remainder when o is divided by a.
0
Let b(x) = 9*x + 1. Suppose -9 = -2*h - h. What is the remainder when 81 is divided by b(h)?
25
Suppose 2*k + 3*b - 22 = 0, -5*k + 5*b + 7 = 2. Suppose k*l + 133 = 4*u, -u + 3*l = 2*u - 96. Calculate the remainder when 52 is divided by u.
25
Let o(g) = -g**3 + 6*g**2 + 18*g + 1. Suppose -2*r + 147 = r. Calculate the remainder when r is divided by o(8).
15
Let b(m) = -7*m + 2. Let f be b(-5). Suppose 3*y - f = 23. Let p(v) = -9*v - 14. What is the remainder when p(-8) is divided by y?
18
Let j(w) = 19*w**2 + w - 1. Let o be (2 + 0)*18/(-12). Let x be ((-2)/(-2))/(-2 - o). Calculate the remainder when j(x) is divided by 7.
5
Let z = 29 - 14. What is the remainder when 28 is divided by z?
13
Suppose -4*q + 2*s + 80 = 5*s, 3*s - 29 = -q. Calculate the remainder when 66 is divided by q.
15
Suppose -2*w + 13 = 5. What is the remainder when 15 is divided by w?
3
Let r be (-4)/(-14) + (-24)/(-14). Suppose -12 = r*y - 28. Calculate the remainder when 15 is divided by y.
7
Let b(v) = 2*v - 13. Calculate the remainder when 11 is divided by b(10).
4
Let h = -3 - -3. Let i = h + 3. What is the remainder when 6 is divided by 2*(i - 1 - 0)?
2
Suppose 134 = 4*x - k, -x - k = 4*k - 44. Let t = 10 + x. What is the remainder when t is divided by 12?
8
Let v(c) be the first derivative of 3*c**4/4 - c**3 + c**2/2 - 2*c + 2. Calculate the remainder when v(3) is divided by 19.
17
Let f(r) = r**2 + 10*r - 7. Let h be f(-11). Suppose -h*t - 2 = 2. What is the remainder when 24 is divided by t/(-1 - (-24)/26)?
11
Let w = 131 + -34. Calculate the remainder when w is divided by 25.
22
Let h = -9 + 15. Let k(s) = -s**3 + 7*s**2 - 3*s - 6. Calculate the remainder when 23 is divided by k(h).
11
Let a = -11 + 65. What is the remainder when 214 is divided by a?
52
Suppose -b - 4*b = 4*j - 132, 0 = b. Calculate the remainder when 82 is divided by j.
16
Suppose 0*v + 2*v - 50 = 0. Let r be (3/(-2))/(6/(-32)). Suppose r - 44 = -4*y. What is the remainder when v is divided by y?
7
Let u(b) = -b + 11. Let c be u(0). Suppose -2*f + 3 + c = 0. Let w(a) = -a**2 + 8*a. Calculate the remainder when w(6) is divided by f.
5
Let n(m) = 16*m**3 - 2*m**2 - m. Let j be n(-1). Let w = j + 33. What is the remainder when w is divided by 9?
7
Suppose 0 = -3*s - n + 52, -3*s + 4*n = -13 - 19. What is the remainder when 142 is divided by s?
14
Let d = 31 - 17. Let y be (2 - 31) + (2 - 1). Let g = y - -53. Calculate the remainder when g is divided by d.
11
Suppose 17 = -2*g - 2*g - 5*b, -3*g = b - 1. Suppose g*i - 5*n = 25, -2*n + 4*n = 2*i - 10. Calculate the remainder when 22 is divided by (i - 2)/(6/(-24)).
6
Suppose 0 = -4*i + 19 - 3. Calculate the remainder when i is divided by (-34)/(-10) - 14/35.
1
Let b(d) = -d**3 - 12*d**2 - 11*d + 4. Let k be b(-11). What is the remainder when (k + 3 + -2)*5 is divided by 9?
7
Suppose -m = m + n - 41, 0 = 4*m - 2*n - 102. Calculate the remainder when m is divided by 6.
5
Let t(p) be the third derivative of -11*p**5/60 + p**4/6 - p**3/3 - p**2. Let h be t(2). Let q = -8 - h. What is the remainder when q is divided by 16?
14
Suppose 0 = 5*j - 25, -23 = -n - 2*n - j. What is the remainder when 10 is divided by n?
4
Let j = 145 - 86. Calculate the remainder when j is divided by 15.
14
Let w = 33 + 66. Calculate the remainder when w is divided by 34.
31
Let s(g) = -13*g - 1. Calculate the remainder when s(-1) is divided by 7.
5
Suppose 3 = 3*d - 3. Suppose d*p + 3*p = 30. Let t = -21 - -31. What is the remainder when t is divided by p?
4
Suppose -5*a + 19 = 4. What is the remainder when a is divided by 2?
1
Let y = 137 + -98. Suppose a